ctor of 924?
True
Does 13 divide 2197?
True
Does 42 divide 5628?
True
Does 3 divide 265?
False
Does 34 divide 8432?
True
Is 25 a factor of 54?
False
Does 113 divide 1194?
False
Is 26496 a multiple of 192?
True
Is 50 a multiple of 10?
True
Does 7 divide 248?
False
Does 3 divide 655?
False
Is 17 a factor of 77435?
True
Is 1345 a multiple of 11?
False
Does 23 divide 21374?
False
Is 3770 a multiple of 26?
True
Does 6 divide 393?
False
Is 6150 a multiple of 82?
True
Is 360 a multiple of 49?
False
Is 175 a multiple of 18?
False
Is 4628 a multiple of 52?
True
Does 36 divide 3141?
False
Is 714 a multiple of 42?
True
Does 193 divide 52882?
True
Is 27930 a multiple of 42?
True
Does 12 divide 398?
False
Is 4758 a multiple of 183?
True
Is 28 a factor of 672?
True
Is 6 a factor of 977?
False
Does 19 divide 1421?
False
Is 27 a factor of 972?
True
Does 33 divide 2508?
True
Is 35 a factor of 210?
True
Does 19 divide 3591?
True
Is 152 a multiple of 19?
True
Is 8 a factor of 1024?
True
Is 49 a factor of 28328?
False
Is 312 a multiple of 14?
False
Is 986 a multiple of 20?
False
Is 910 a multiple of 91?
True
Does 16 divide 19238?
False
Does 14 divide 164598?
True
Is 11 a factor of 4808?
False
Does 20 divide 920?
True
Is 578 a multiple of 86?
False
Is 14 a factor of 2086?
True
Does 54 divide 1394?
False
Is 11400 a multiple of 152?
True
Does 15 divide 2582?
False
Does 93 divide 67058?
False
Does 60 divide 914?
False
Does 13 divide 22?
False
Is 24 a factor of 13680?
True
Is 4 a factor of 289?
False
Is 14171 a multiple of 56?
False
Is 59 a factor of 1416?
True
Does 11 divide 25564?
True
Is 4 a factor of 40?
True
Is 6 a factor of 186?
True
Does 2 divide 104?
True
Does 60 divide 24107?
False
Is 92 a factor of 15916?
True
Does 10 divide 332?
False
Is 5 a factor of 134?
False
Is 9 a factor of 1562?
False
Does 16 divide 45710?
False
Is 583 a multiple of 53?
True
Does 3 divide 1503?
True
Is 29192 a multiple of 4?
True
Is 1064 a multiple of 14?
True
Does 35 divide 1396?
False
Is 2 a factor of 417?
False
Is 57 a factor of 4976?
False
Is 70 a factor of 103?
False
Is 45472 a multiple of 31?
False
Does 16 divide 4377?
False
Does 45 divide 20412?
False
Does 23 divide 108303?
False
Is 19 a factor of 1761?
False
Is 46 a multiple of 2?
True
Does 361 divide 1366?
False
Is 3042 a multiple of 6?
True
Does 78 divide 119070?
False
Is 7 a factor of 18677?
False
Is 37 a factor of 663?
False
Does 7 divide 12355?
True
Is 19 a factor of 5263?
True
Does 46 divide 6670?
True
Does 35 divide 11568?
False
Does 10 divide 2550?
True
Is 7 a factor of 416?
False
Does 21 divide 512?
False
Is 9 a factor of 546?
False
Is 10 a factor of 290?
True
Is 248 a factor of 33728?
True
Is 317 a multiple of 29?
False
Is 10 a factor of 473?
False
Is 5 a factor of 1920?
True
Does 48 divide 2175?
False
Does 64 divide 6897?
False
Does 15 divide 52118?
False
Is 944 a multiple of 236?
True
Is 33 a factor of 36201?
True
Is 35268 a multiple of 22?
False
Does 19 divide 490?
False
Does 45 divide 6345?
True
Is 587 a multiple of 5?
False
Is 16 a factor of 396?
False
Is 18 a factor of 13342?
False
Does 11 divide 778?
False
Is 1111 a multiple of 31?
False
Does 24 divide 6120?
True
Is 9 a factor of 712?
False
Is 72733 a multiple of 38?
False
Is 3476 a multiple of 44?
True
Does 14 divide 16463?
False
Is 12 a factor of 180?
True
Is 2805 a multiple of 17?
True
Is 3 a factor of 7940?
False
Is 5 a factor of 128?
False
Does 10 divide 2082?
False
Does 197 divide 11416?
False
Is 2 a factor of 44?
True
Does 7 divide 266?
True
Is 154 a factor of 154?
True
Is 33 a factor of 1188?
True
Is 1050 a multiple of 6?
True
Does 5 divide 156?
False
Is 6 a factor of 1704?
True
Is 6032 a multiple of 116?
True
Is 52 a factor of 708?
False
Is 6154 a multiple of 77?
False
Is 17 a factor of 3931?
False
Is 308 a multiple of 77?
True
Does 18 divide 8622?
True
Is 6115 a multiple of 13?
False
Is 10 a factor of 22480?
True
Is 1519 a multiple of 49?
True
Is 629 a multiple of 2?
False
Is 44 a factor of 308?
True
Is 5 a factor of 4213?
False
Is 46 a multiple of 2?
True
Does 241 divide 5702?
False
Is 10368 a multiple of 54?
True
Does 45 divide 359?
False
Does 108 divide 31212?
True
Does 23 divide 1754?
False
Is 228 a factor of 11172?
True
Does 10 divide 39550?
True
Does 11 divide 498?
False
Is 92 a factor of 2208?
True
Is 3991 a multiple of 83?
False
Is 62 a factor of 3100?
True
Does 59 divide 5672?
False
Is 14 a factor of 306?
False
Is 96 a factor of 1938?
False
Does 33 divide 864?
False
Is 9 a factor of 1064?
False
Is 41 a factor of 1444?
False
Does 7 divide 819?
True
Is 62 a factor of 132680?
True
Is 71 a factor of 9372?
True
Is 6 a factor of 324?
True
Is 840 a multiple of 42?
True
Is 2340 a multiple of 12?
True
Is 20 a factor of 1071?
False
Does 17 divide 952?
True
Is 57066 a multiple of 127?
False
Is 3 a factor of 625?
False
Is 170 a factor of 21080?
True
Is 43 a factor of 15781?
True
Is 108 a multiple of 27?
True
Is 66 a factor of 2724?
False
Is 630 a multiple of 10?
True
Is 5 a factor of 111?
False
Is 77 a factor of 1204?
False
Does 61 divide 1830?
True
Is 15 a factor of 14415?
True
Is 2 a factor of 32?
True
Is 2 a factor of 149?
False
Is 41 a factor of 600?
False
Does 2 divide 212?
True
Does 11 divide 1221?
True
Is 598 even?
True
Is 4 a factor of 2756?
True
Is 204 a multiple of 51?
True
Is 17 a factor of 1234?
False
Is 1742 a multiple of 13?
True
Is 40 a factor of 394?
False
Is 446 a multiple of 15?
False
Is 12 a factor of 96?
True
Does 2 divide 92?
True
Does 41 divide 1599?
True
Is 1690 even?
True
Is 6 a factor of 534?
True
Is 20 a factor of 27920?
True
Does 130 divide 3721?
False
Does 113 divide 16293?
False
Is 132 a factor of 5412?
True
Is 87 a factor of 14351?
False
Is 6 a factor of 9354?
True
Is 727 a multiple of 24?
False
Is 415 a multiple of 15?
False
Is 21 a factor of 2272?
False
Does 22 divide 31944?
True
Does 11 divide 2255?
True
Is 764 a multiple of 37?
False
Does 11 divide 403?
False
Is 5510 a multiple of 25?
False
Is 2367 a multiple of 55?
False
Is 787 a multiple of 7?
False
Does 225 divide 57375?
True
Does 2 divide 3?
False
Is 17 a factor of 125987?
True
Does 5 divide 192?
False
Does 54 divide 613?
False
Does 7 divide 3372?
False
Is 421 a multiple of 13?
False
Does 49 divide 4982?
False
Does 16 divide 32?
True
Is 125 a factor of 3250?
True
Is 572 a multiple of 26?
True
Is 2442 a multiple of 19?
False
Is 750 a multiple of 2?
True
Is 5355 a multiple of 17?
True
Is 1504 a multiple of 112?
False
Is 69 a factor of 11868?
True
Is 1730 a multiple of 28?
False
Is 710 a multiple of 23?
False
Is 11010 a multiple of 55?
False
Is 37 a factor of 624?
False
Is 7 a factor of 562?
False
Is 18417 a multiple of 21?
True
Is 6 a factor of 144?
True
Does 101 divide 1781?
False
Is 52 a multiple of 13?
True
Is 14 a factor of 210?
True
Is 2053 a multiple of 16?
False
Is 101 a factor of 369?
False
Is 11 a factor of 46354?
True
Is 17 a factor of 2567?
True
Is 7 a factor of 18130?
True
Does 73 divide 4891?
True
Is 41 a factor of 932?
False
Is 75999 a multiple of 296?
False
Does 10 divide 3330?
True
Is 281 a multiple of 96?
False
Does 15 divide 497?
False
Does 11 divide 264?
True
Is 45050 a multiple of 34?
True
Is 8 a factor of 336?
True
Does 64 divide 1466?
False
Is 2830 a multiple of 10?
True
Is 320 a multiple of 28?
False
Does 12 divide 9864?
True
Is 290 a multiple of 28?
False
Is 39426 a multiple of 99?
False
Is 6 a factor of 392?
False
Does 108 divide 5200?
False
Is 59 a factor of 531?
True
Does 340 divide 104044?
False
Does 319 divide 101761?
True
Does 4 divide 32?
True
Is 1500 a multiple of 4?
True
Is 49 a factor of 1127?
True
Is 32 a multiple of 16?
True
Does 7 divide 72813?
False
Is 12274 a multiple of 17?
True
Is 879 a multiple of 16?
False
Is 48 a multiple of 2?
True
Does 16 divide 623?
False
Does 56 divide 818?
False
Does 158 divide 17064?
True
Is 17 a factor of 612?
True
Does 10 divide 2059?
False
Is 5161 a multiple of 40?
False
Is 3 a factor of 906?
True
Does 11 divide 1715?
False
Does 10 divide 930?
True
Is 649 a multiple of 11?
True
Is 38 a factor of 608?
True
Does 96 divide 5568?
True
Is 34 a factor of 2114?
False
Does 75 divide 3632?
False
Is 90324 a multiple of 26?
True
Is 7 a factor of 11585?
True
Is 6 a factor of 320?
False
Is 1346 a multiple o